 -132410024?
-132403324
In base 13, what is 11b4549 - -2?
11b454b
In base 8, what is 11136 - 1755?
7161
In base 9, what is -17 + -6622518?
-6622536
In base 6, what is 121133314 + 31?
121133345
In base 13, what is -3 - -133c16a?
133c167
In base 2, what is -10010000101100101100 - -1000111?
-10010000101011100101
In base 7, what is -4 - 26436130?
-26436134
In base 15, what is 17 - -1480d?
14825
In base 2, what is 1111001011001000001 + 100001101?
1111001011101001110
In base 13, what is -25349 - -200?
-25149
In base 7, what is 13333665421 + 1?
13333665422
In base 16, what is -18713 + -64?
-18777
In base 11, what is 28a368 + 13?
28a380
In base 7, what is -26 - -116263?
116234
In base 9, what is -3 - 3186658?
-3186662
In base 14, what is -2b4 - -3ad?
d9
In base 12, what is 5ba443 - -5?
5ba448
In base 16, what is -9f34 - -1077?
-8ebd
In base 9, what is -113 - 67260?
-67373
In base 15, what is 10 + -2ab655?
-2ab645
In base 12, what is 6894325 + 4?
6894329
In base 14, what is -ab65c5 - -9?
-ab65ba
In base 12, what is 19917 - 7?
19910
In base 5, what is 3 + 1100233320?
1100233323
In base 4, what is 10100232 + 20230?
10121122
In base 5, what is 14122334 + -3212?
14114122
In base 4, what is -13032 + 2203022312?
2203003220
In base 8, what is 1240 + 110607?
112047
In base 13, what is -3453 - 14c?
-35a2
In base 14, what is 251 - 495d0?
-4937d
In base 4, what is 21 + -1312002231?
-1312002210
In base 15, what is -1 - 36a08c?
-36a08d
In base 3, what is -10011110012220210 - 2?
-10011110012220212
In base 9, what is -80 - -3343116?
3343026
In base 4, what is -11 - 223131211?
-223131222
In base 12, what is 0 + -a148494?
-a148494
In base 4, what is -3321 + 12111322212?
12111312231
In base 6, what is 142 + 15510213?
15510355
In base 2, what is 111001001100101101100 - -10100?
111001001100110000000
In base 2, what is 100 - 100001111000111010101101?
-100001111000111010101001
In base 9, what is -1040 + -44634?
-45674
In base 13, what is -316 - 5a80a?
-5ab23
In base 2, what is -101000000110 - 1010011000100100?
-1011000000101010
In base 9, what is 22 - 730336?
-730314
In base 8, what is 60465 - -67?
60554
In base 13, what is 100 + -5844c?
-5834c
In base 6, what is 3422 - 115020?
-111154
In base 10, what is -2 - 1832935?
-1832937
In base 11, what is 1a03448 + -1?
1a03447
In base 13, what is -7 + -2c6755?
-2c675c
In base 7, what is 103503 + 154?
103660
In base 8, what is -253 + -1451370?
-1451643
In base 3, what is 1 + -202222220212122?
-202222220212121
In base 7, what is 3 - -1051336?
1051342
In base 3, what is 1200222121 + 1222100211?
10200100102
In base 8, what is 6545 - 44714?
-36147
In base 15, what is 2580 + 656?
2bd6
In base 4, what is -2332230 + 210131?
-2122033
In base 15, what is 0 + 29e695?
29e695
In base 3, what is -11200001 - -111021212021?
111010012020
In base 14, what is -57b9527 - -2?
-57b9525
In base 4, what is -13131 + 11230320?
11211123
In base 7, what is 45062 - -6124?
54216
In base 14, what is 372d776 - -d?
372d785
In base 12, what is -24 - 128b0804?
-128b0828
In base 9, what is -2 + 812240?
812237
In base 13, what is 9c253 + -501?
9ba52
In base 14, what is -109c44 - 7b?
-109cc1
In base 4, what is -13 + 33203002003?
33203001330
In base 5, what is -3 - 242242043?
-242242101
In base 13, what is -13361c + 1b5?
-133437
In base 3, what is 122201220111211000 + 0?
122201220111211000
In base 2, what is -1010001011010100111010011 - 11?
-1010001011010100111010110
In base 14, what is 237691 - -5?
237696
In base 9, what is -1328 - 63172?
-64511
In base 9, what is -157 - 216437?
-216605
In base 9, what is 424464 - -151?
424625
In base 15, what is -27e - -14a2e?
147a0
In base 6, what is 2051422150 - 20?
2051422130
In base 14, what is 15458 - b73?
146c5
In base 8, what is 3472456 + -7?
3472447
In base 6, what is 42143 - 133300?
-51113
In base 10, what is -3 - 2279570?
-2279573
In base 14, what is -1acc82d + -9?
-1acc838
In base 13, what is -24c47 - 11b?
-25065
In base 3, what is 1201212221210121021 + -10?
1201212221210121011
In base 10, what is 3 - -1197647?
1197650
In base 14, what is 76c + -297?
4b5
In base 2, what is -10000110001111000100011000101 + -100?
-10000110001111000100011001001
In base 5, what is -102 - 10431103021?
-10431103123
In base 4, what is 23 + 10222302200223?
10222302200312
In base 6, what is 104 + 155014404?
155014512
In base 2, what is 1000101 - -110001011110100011?
110001011111101000
In base 9, what is 11 - 658415?
-658404
In base 14, what is 3a - -43cda7?
43d003
In base 5, what is -104 - 11211430?
-11212034
In base 15, what is 0 - -62133?
62133
In base 3, what is -22 + 2211200011012?
2211200010220
In base 3, what is -10 - -1010220120201010?
1010220120201000
In base 4, what is 12 + -21210201020?
-21210201002
In base 5, what is 3 + 43322221?
43322224
In base 15, what is 6a - -1b65?
1bd0
In base 4, what is 1312333222023 - -1?
1312333222030
In base 2, what is -100100111101000 - -100001?
-100100111000111
In base 9, what is 16 - -7211674?
7211701
In base 15, what is -21914 - c6?
-219da
In base 4, what is -2203221321011 + -1?
-2203221321012
In base 7, what is -1521 + 154562?
153041
In base 14, what is -6897c - 2?
-68980
In base 12, what is -37458b - -5?
-374586
In base 5, what is -3321133032 - -42?
-3321132440
In base 16, what is 19a116 + -25?
19a0f1
In base 8, what is -5 + 62745144?
62745137
In base 6, what is 200531 - -1540?
202511
In base 13, what is -423 + -12732?
-12b55
In base 5, what is 23444 + -23010?
434
In base 10, what is 1951 - 17596?
-15645
In base 9, what is -54 + -235556?
-235621
In base 16, what is -964 - -1d78?
1414
In base 10, what is 12622914 + 0?
12622914
In base 7, what is -1 - 25623421?
-25623422
In base 8, what is -211702 - -274?
-211406
In base 6, what is -2 - 352350004?
-352350010
In base 4, what is -2 - -1330303100012?
1330303100010
In base 7, what is 15 + -12465300?
-12465252
In base 11, what is 58181 + 2101?
5a282
In base 5, what is 314210413 + -303?
314210110
In base 12, what is 74052 - -210?
74262
In base 2, what is 101011011101011 + -1001111001110?
100001100011101
In base 3, what is -222000 + -111121001020?
-111122000020
In base 5, what is 121034 - -3201?
124240
In base 15, what is 53b883 - 3?
53b880
In base 2, what is -11 + -1111101110100001101000100?
-1111101110100001101000111
In base 2, what is 10001 + -11110101011001010011010?
-11110101011001010001001
In base 11, what is 699310 - 1?
69930a
In base 16, what is 6e5bd - 161?
6e45c
In base 3, what is -11210 - 1120012222001?
-1120020010211
In base 15, what is -4461 + b5b?
-3805
In base 9, what is -2383 + -7256?
-10650
In base 11, what is 4094 - -21393?
25477
In base 7, what is 653 + 102004?
102660
In base 12, what is 8509 - 14626?
-8119
In base 12, what is -23473 + 672?
-22a01
In base 3, what is -11 + -2210212212020?
-2210212212101
In base 11, what is -141a137 - 44?
-141a180
In base 13, what is -3869 + -aa52?
-115bb
In base 15, what is 81499 - -1b?
814b5
In base 11, what is -88917a - -11?
-889169
In base 7, what is 11 + -145326150?
-145326136
In base 13, what is -815b + 81b?
-7640
In base 8, what is 150 + -1507451?
-1507301
In base 11, what is 3 - -4761762?
4761765
In base 10, what is 70 + 529003?
529073
In base 14, what is 21 - -390ad?
390d0
In base 2, what is -1000101111001100100000010010 - 101?
-1000101111001100100000010111
In base 14, what is -b22 - 280?
-da2
In base 5, what is -3402223324310 + -10?
-3402223324320
In base 14, what is 993b - -6c9?
a226
In base 10, what is 3 - 7952996?
-7952993
In base 10, what is -74839 + 1279?
-73560
In base 3, what is 2 + -1220211220021021?
-1220211220021012
In base 2, what is 10100110001110 + 111101111?
10101101111101
In base 13, what is b11493 - -8?
b1149b
In base 8, what is 271531443 + 0?
271531443
In base 10, what is 2502404 - -3?
2502407
In base 9, what is -50665 + -5128?
-55804
In base 5, what is -2423 + -143040101?
-143043024
In base 6, what is 3 + -15050503?
-15050500
In base 9, what is -210 - -1508362?
1508152
In base 13, what is -2 - 3627088?
-362708a
In base 9, what is 38238 + -68580?
-30341
In base 10, what is -3893730 - 3?
-3893733
In base 12, what is b33 + 105b8?
1152b
In base 6, what is -2500405 + 1444?
-2454521
In base 2, what is 101101000101010010011011 + 10?
101101000101010010011101
In base 16, what is 142373 - 0?